?
3
Let i(c) = c**3 - 6*c**2 - c + 3. Suppose -70 = -9*y - 43. What is i(y)?
-27
Suppose -2*z + z + 3 = 0. Let b(o) = -o**3 - 8*o**2 - 2*o**3 + 2*o + 4*o**z + 6 + 5*o. Suppose -3*i + 11 + 10 = 0. Determine b(i).
6
Let c(b) = 17*b**2 - 9*b**2 - 8*b**2 - 4*b - 5*b**2 + 6 - b**3 + 0*b**2. Give c(-4).
6
Let d be (-4)/30 - (8 + 1379/(-105)). Let a(v) = 3*v - 5. Determine a(d).
10
Let k(c) = -c - 8. Suppose 6*a = -0*a - 186. Let v be 2/6*(a + 16). Calculate k(v).
-3
Suppose 0 = -3*f - 2*x - 3 - 4, f + 5*x = -11. Let y(w) = -149*w + 9. Let t(l) = -33*l + 2. Let j(r) = 9*t(r) - 2*y(r). Give j(f).
-1
Let c(u) be the third derivative of u**4/24 - u**3/6 - u**2. Let l(x) = -5*x + 5. Let y be l(-5). Let m = 36 - y. Determine c(m).
5
Let z(q) = -25 + 5*q - 31 + 57. Calculate z(1).
6
Let k(x) = -x + 3. Suppose -99*a + 419 - 122 = 0. What is k(a)?
0
Let y = 18 + -12. Let q(d) = -13*d**2 + 11*d + 13. Let f(w) = -3*w**2 + 3*w + 3. Let m(x) = 9*f(x) - 2*q(x). Calculate m(y).
-5
Let o(v) = -44*v - 55. Let c(w) = 19*w + 26. Let b(r) = -9*c(r) - 4*o(r). Give b(-6).
-44
Let g(z) = z**2 - 3*z - 3. Let t be g(4). Let f(i) = -i + 1. Let c(s) = s**3 - s**2 - 3*s + 11. Let o(y) = t*c(y) - 4*f(y). What is o(0)?
7
Suppose -6*c - 8 = 8*k - 2*c, -2*c = -4*k - 12. Let q(y) = -y**2 - 3*y - 5. Calculate q(k).
-3
Let r(y) = -16*y + 3 + 2*y - 4*y**2 + 5 + 9 + 5*y**2. Calculate r(13).
4
Let m(v) = 40*v + 797. Let i be m(-20). Let n(s) = -3*s + s - 2 + 0*s. Give n(i).
4
Suppose -3*i - 21 = 3*z, -3*i + 2*z + 22 = -7*i. Let v(x) = x**3 - 2 + 5*x**2 - 6*x - 17*x**2 + 15*x**2. Give v(i).
6
Suppose 3*g = 494 - 74. Let u(c) = 1 + g*c - 136*c + 5 - c**2. What is u(5)?
1
Let l(t) = 9*t**2 - 2*t + 15. Let g(i) = -19*i**2 + 5*i - 33. Let p(h) = 6*g(h) + 13*l(h). Determine p(2).
17
Let g(j) = 4*j. Suppose 46 = 4*a - 10. Suppose 4 = -4*v + 3*v, a = -3*b - 5*v. Calculate g(b).
8
Suppose -3*n + 168 = -4*b, 0 = 2*n + 2*n + 3*b - 224. Let v be 4/10 - n/(-10). Let z(s) be the second derivative of s**3/6 - 5*s**2/2 + 9*s + 3. Give z(v).
1
Let a(k) be the second derivative of -k**3/2 + 16*k**2 + 373*k. Determine a(8).
8
Let m(q) be the third derivative of 11*q**6/120 - q**5/60 - q**4/12 - q**3/6 - 4*q**2 + 26*q. What is m(-1)?
-11
Let s(u) = -u**2 - 5*u - 4*u - 5 + 3*u. Let x(m) = -m - 19. Let o(l) = -l - 21. Let p(d) = -5*o(d) + 6*x(d). Let c be p(-4). Give s(c).
0
Let i(g) = -g + 22. Let m be i(18). Let c(n) be the second derivative of 0 - n**3 + 1/3*n**m - n**2 - n + 1/20*n**5. Give c(-5).
3
Let d(p) be the second derivative of -p**5/20 + p**4/4 + p**3/3 - p**2/2 - 66*p. Determine d(4).
-9
Let g be 3 + 0 - (-4 - -2). Let u(x) = 4*x - 1. Let l(c) = 8*c - 1. Let a(o) = 6*l(o) - 13*u(o). Give a(g).
-13
Let x(u) = -7*u + 13. Let l(j) = -j**3 + 18*j**2 - 45*j - 7. Let n be l(3). Determine x(n).
62
Let k = -165 - -170. Let q(u) = u**2 + u + 2. Determine q(k).
32
Let a(b) = b**2 + 142*b + 4847. Let n be a(-57). Let q(g) = 3 - 2*g**2 + 4*g - g**2 + 3*g**3 - 5. What is q(n)?
18
Let t(m) = 3*m**2 + 40 - 119*m + 129*m - 4*m**2 - 9. What is t(13)?
-8
Let q(f) = 4*f + 4*f**3 - 3*f**3 + 9 + 7*f**2 + 4*f - f. Let s be 0 + (0 - -3) - -3. Suppose -d - 6 = -3*z, 30 = d - s*d - 2*z. What is q(d)?
3
Let w = -6 + -1. Let s = -158 + 153. Let l be (s - w)/((-2)/5). Let m(x) = -x**3 - 6*x**2 - 6*x + 1. Calculate m(l).
6
Let r(f) = -f**2 - f**3 - 1 - 11 + f**2 + 4*f**2 - 7909*f + 7918*f. Give r(6).
-30
Let d(h) = 3*h - 26. Let v(b) = -b + 9. Let n(o) = 3*d(o) + 8*v(o). Suppose 3 = -c + 6. Calculate n(c).
-3
Let n(s) = 1347*s**2 - 2692*s**2 + 7*s + 11 + 1344*s**2. Calculate n(8).
3
Let d = 141 + -139. Let w(y) = 4*y**3 - 3*y**2 + 2*y - 2. What is w(d)?
22
Let d = -4 - -3. Let u(v) be the third derivative of v**5/60 - v**4/24 - 2*v**2 + 1517*v. Determine u(d).
2
Suppose 716*h - 713*h - 18 = 0. Let i(v) be the third derivative of 1/6*v**3 - 1/12*v**5 - 11*v**2 + 1/120*v**h + 0 - 1/24*v**4 + 0*v. Give i(5).
-4
Let l(p) be the third derivative of -p**6/360 - p**5/120 - p**4/24 - 3*p**3/2 - 11*p**2. Let c(g) be the first derivative of l(g). What is c(0)?
-1
Let y = 65 + -39. Let a = -28 + y. Let u(v) = 2*v + 2. What is u(a)?
-2
Let b = -8 + 5. Let n(f) be the third derivative of -f**6/240 - f**5/40 - f**4/12 - 2*f**2. Let j(p) be the second derivative of n(p). Determine j(b).
6
Let x(y) be the first derivative of -y**2 + 42*y + 278. Give x(21).
0
Let o(i) = 2*i**2 - 6*i - 7. Let v(k) = k**3 + 29*k**2 + 52*k - 49. Let u be v(-27). Determine o(u).
13
Let u(r) = -2*r**3 - 4*r**2 - r. Let n(s) be the second derivative of s**3 + 33*s**2/2 + 3*s. Let v be n(-6). Calculate u(v).
21
Let f be (48/18 - 3)*(-9)/1. Let m(z) = -z**3 + 3*z**2 + 2. Calculate m(f).
2
Let d(y) = y**2 + y - 5. Let c be (6/(-9))/2*-12. Suppose 3*r = 3*v, 3*r = -c*v - 0*r. Let f be v/(1 + -2 - -3). Give d(f).
-5
Let g(z) = -z**3 - 6*z**2 + 2*z - 8. Suppose -31*i + 44*i = -78. Calculate g(i).
-20
Let w(g) = g**3 + 10*g**2 - 11*g + 5. Let b be w(-11). Let h = 5 - b. Let m(i) = -i**2 - 10 + h*i**2 + 0*i**2 + 12 + 6*i. Determine m(6).
2
Let d(g) = 25*g + 1. Let s(b) = -21*b - 2. Let j(l) = 4*d(l) + 5*s(l). Determine j(-3).
9
Let d(b) be the second derivative of -b**3/6 + 3*b**2/2 + 8*b. Let p be ((1*10)/(-2))/(-1). Suppose -r = -p*g - 16, -g = -0*r - 3*r + 20. Give d(r).
-3
Let t be 18/4 - 84/(-168). Let j(g) = -2*g**2 + 5*g + 21. Give j(t).
-4
Let o be (1 - -2)/(45/(-30)). Let t(x) be the second derivative of x**3/2 - x**2/2 + 2*x. Determine t(o).
-7
Let c(b) = b**2 + 4*b - 2. Let t(l) = l**2 + 8*l + 3. Let h = -17 + 9. Let j be t(h). Suppose -9 = y - j. What is c(y)?
10
Let t(r) = r + 6. Let b be (-1)/(((-12)/18)/((-8)/(-3))). Calculate t(b).
10
Let x(b) = -6*b**3 + b**2 - 3*b + 6. Let l(d) = -5 + 19*d**2 + 5*d**3 - 29*d**2 + 3*d + 9*d**2. Let u(o) = -5*l(o) - 4*x(o). What is u(2)?
-9
Let a(b) = 5938 - 18*b - 2973 - 2967. Give a(2).
-38
Let g(c) = c - 11. Let t be g(16). Let s be (-2)/(-6) - (-6)/9. Let h(b) = -2*b - 3. Let u(v) = -v - 1. Let j(k) = s*h(k) - 3*u(k). Calculate j(t).
5
Let p(l) be the first derivative of -l**4/24 - 5*l**3/3 + 15*l**2/2 + 6. Let z(n) be the second derivative of p(n). Calculate z(-5).
-5
Let q(i) = 7*i + 88 - 5*i - 86. Give q(-6).
-10
Suppose -4*k = -3*k - 5. Let x(m) = 2*m + 6 - 3*m - k. Let v(t) = t**2 + 3*t - 3. Let a be v(-3). What is x(a)?
4
Let d(m) = -7*m**2 - 1. Let w(h) = -16*h**2 - h - 3. Let v(l) = -7*d(l) + 3*w(l). Suppose 2*y - 31 = -9. Let n = -8 + y. Calculate v(n).
-2
Let l(t) be the second derivative of -t**5/20 - 5*t**4/12 - t**3/6 + t**2 + 137*t. What is l(-4)?
-10
Let n(g) = 30 - 2*g + 35 - 118 + 25 + 33. Give n(3).
-1
Let q(g) be the second derivative of g**4/24 + 4*g**3/3 + 8*g**2 + 10*g. Let z(j) be the first derivative of q(j). Give z(-7).
1
Let w(h) = h**2 + 2*h. Let v be -1*(4 - (11 + 2)). Let c(o) = -o**3 + 6*o**2 + 2*o - 9. Let b be c(6). Suppose -3*x = 5*u + v, b*x - u = 2*x - 3. What is w(x)?
3
Let d(m) = -m**2. Let n(s) = 0*s**2 + 2*s**3 - 7 + s**3 + 7*s**2. Let a(y) = -y**3 - y**2 + y + 1. Let r(c) = -2*a(c) - n(c). Let f be r(-4). What is d(f)?
-9
Let d(q) = q**2 + 18*q - 36. Let f be d(-20). Let m(p) = 2*p**2 - 6*p + 1. Give m(f).
9
Let b(r) be the second derivative of r**5/20 + 7*r**4/12 - 5*r**3/3 - 5*r**2/2 + 63*r - 2. Give b(-8).
11
Let m(h) be the second derivative of h**3/6 + 11*h**2 - 30*h + 13. Determine m(-7).
15
Suppose 2*d = 11*d + 252. Let j = d - -23. Let v(t) = -t - 9. What is v(j)?
-4
Let f(r) = -r**2 - 6*r - 4. Suppose 4*p - 22 = 2*p + 3*o, -36 = -5*p - 2*o. Let b = -11 + p. Give f(b).
5
Let n be ((-28)/8 + 5)/((-6)/(-68)). Let f(j) = -j**2 - 6*j - 13 + n + j. What is f(-6)?
-2
Let d(a) = -4*a + 5. Let s(k) = -9*k + 13. Let c(t) = 8*d(t) - 3*s(t). Determine c(-3).
16
Let u(n) = n - 3. Let x be u(1). Let s(t) = -t**2 - 4*t - 3. Let o(j) = j**2 + 3*j + 2. Let f(m) = -6*o(m) - 5*s(m). Calculate f(x).
-5
Let l(w) be the first derivative of w**3/3 + 5*w**2/2 - 51*w - 5. Let q(u) be the first derivative of l(u). Give q(4).
13
Suppose -5*h = -0*s + 5*s - 50, -38 = -3*s + h. Let x(l) = l**3 - 12*l**2 - 4*l + 14. Determine x(s).
-34
Suppose 0 = 3*s - 0*s - 9. Let b(f) = -f**3 - 3*f**2 - 2 - f + 0*f**s - 2*f - f**3. Let t = 29 + -31. Give b(t).
8
Let s be 0 - 5/(60/8)*-3. Let i(t) = -4 + 8*t